mon factor of 13174069 and 12521?
659
Calculate the highest common factor of 288672059 and 182.
13
Calculate the highest common factor of 79439 and 20387.
703
What is the highest common factor of 48816 and 20535038?
226
What is the greatest common factor of 93 and 93059272?
31
What is the highest common divisor of 94756964 and 1104?
92
Calculate the highest common factor of 525 and 112613802.
21
Calculate the greatest common factor of 8174 and 7625.
61
Calculate the highest common divisor of 80134 and 246626.
778
Calculate the highest common factor of 788676 and 4501308.
3444
Calculate the highest common factor of 22751521 and 13.
13
Calculate the highest common divisor of 2936 and 3023392.
8
What is the highest common divisor of 40743 and 1016793?
81
What is the highest common factor of 34365 and 29870?
145
What is the highest common factor of 342 and 6612741?
171
Calculate the greatest common divisor of 13791630 and 4842.
1614
What is the highest common divisor of 66883011 and 1293?
1293
Calculate the greatest common factor of 17929547 and 2422.
173
What is the greatest common factor of 170 and 23753828?
34
Calculate the highest common divisor of 337433641 and 134.
67
What is the highest common divisor of 2677824 and 80?
16
Calculate the greatest common factor of 287772 and 48.
12
What is the greatest common factor of 105525217 and 7847?
413
Calculate the greatest common factor of 506 and 614207.
11
What is the greatest common factor of 48888316 and 1203?
401
What is the highest common divisor of 2203080 and 2?
2
Calculate the highest common factor of 5074090 and 25085.
865
Calculate the highest common divisor of 1360071 and 486.
243
What is the highest common divisor of 1726 and 98580?
2
Calculate the greatest common factor of 280470 and 2130.
30
Calculate the greatest common divisor of 175896 and 370552.
56
What is the greatest common divisor of 1785 and 2453745?
105
Calculate the highest common divisor of 138 and 2044042752.
138
What is the highest common factor of 27812113 and 8393?
763
What is the highest common divisor of 134 and 27343973?
67
Calculate the highest common factor of 18526 and 18703.
59
What is the greatest common divisor of 14 and 967253?
7
What is the highest common factor of 699897 and 2211?
33
What is the greatest common factor of 10850246 and 22?
22
Calculate the greatest common divisor of 4839120 and 2717.
143
Calculate the highest common divisor of 88461193 and 5366.
2683
Calculate the greatest common divisor of 510 and 10829085.
255
Calculate the highest common divisor of 222758693 and 10749.
3583
What is the highest common divisor of 24 and 2777322?
6
What is the highest common divisor of 561060226 and 1324?
662
Calculate the highest common factor of 52418928 and 276.
12
What is the highest common divisor of 8274274 and 51?
17
What is the highest common divisor of 88 and 20330167?
11
Calculate the highest common factor of 23 and 5596889.
23
Calculate the greatest common divisor of 384510 and 43806.
42
What is the greatest common divisor of 2872630 and 3320?
830
Calculate the greatest common divisor of 868 and 1315392.
124
Calculate the highest common factor of 37736640 and 276.
12
What is the greatest common factor of 8387056 and 1072?
16
What is the highest common factor of 187 and 14178119?
17
Calculate the highest common factor of 4995 and 1013130.
45
What is the greatest common factor of 906724962 and 13?
13
Calculate the greatest common factor of 4631 and 5819.
11
Calculate the greatest common divisor of 29733059 and 67.
67
Calculate the highest common factor of 247291839 and 1161.
1161
What is the greatest common divisor of 94 and 87760045?
47
What is the highest common divisor of 206172278 and 130?
26
Calculate the greatest common divisor of 183943812 and 39.
39
Calculate the greatest common divisor of 7154808 and 3711.
3711
Calculate the highest common divisor of 9044 and 6996826.
646
What is the greatest common divisor of 45811298 and 26?
26
Calculate the greatest common factor of 140472 and 4176.
72
What is the highest common divisor of 2678 and 7442059?
103
Calculate the greatest common divisor of 663 and 2171002.
17
What is the greatest common factor of 20214220 and 468?
52
Calculate the greatest common factor of 6849 and 167.
1
What is the greatest common divisor of 36570809 and 44?
11
What is the highest common factor of 8941401 and 49?
7
What is the highest common divisor of 20307666 and 125240?
6262
Calculate the highest common divisor of 484 and 6196.
4
Calculate the highest common factor of 933585 and 1061115.
1635
Calculate the greatest common divisor of 5 and 3513295.
5
Calculate the greatest common divisor of 204437949 and 3246.
1623
What is the greatest common divisor of 42291 and 10656?
333
Calculate the highest common factor of 378872606 and 392.
98
Calculate the greatest common divisor of 270 and 168060.
30
What is the greatest common divisor of 46115025 and 2475?
825
Calculate the highest common divisor of 237 and 21265931.
79
Calculate the greatest common divisor of 2897260310 and 9517.
9517
What is the greatest common factor of 116640 and 51080?
40
What is the greatest common divisor of 100047781 and 1?
1
Calculate the highest common factor of 126 and 24909486.
42
What is the greatest common factor of 195 and 995467980?
195
Calculate the highest common divisor of 7023051 and 18900.
189
Calculate the highest common divisor of 1259503 and 6072.
23
What is the greatest common factor of 6 and 17560689?
3
Calculate the greatest common divisor of 88720 and 592.
16
Calculate the highest common divisor of 318 and 1488134.
106
Calculate the highest common factor of 34232560 and 15980.
340
What is the highest common divisor of 746240 and 961950?
5830
Calculate the highest common factor of 26040 and 4578948.
372
Calculate the greatest common factor of 6641712 and 14322.
462
Calculate the highest common factor of 2267 and 3966615240.
2267
Calculate the greatest common factor of 4584156 and 7068.
372
What is the greatest common divisor of 6 and 261197?
1
Calculate the highest common divisor of 403112 and 920521.
1229
Calculate the greatest common divisor of 50920 and 535933.
1273
Calculate the highest common divisor of 258910 and 329035.
85
Calculate the greatest common factor of 56082401 and 769.
769
Calculate the highest common divisor of 101353332 and 36.
12
What is the highest common factor of 396 and 23880604?
44
Calculate the greatest common factor of 1695429 and 2183607.
6597
Calculate the highest common divisor of 30 and 59848770.
30
Calculate the greatest common divisor of 815 and 555195115.
815
What is the highest common factor of 376 and 6867076?
188
What is the greatest common factor of 1445 and 1341827?
289
Calculate the highest common factor of 18168 and 152472.
24
What is the highest common factor of 232 and 139660?
4
What is the highest common factor of 558966746 and 2392?
598
What is the highest common divisor of 77608 and 48287?
109
What is the highest common divisor of 2843148 and 1218?
42
Calculate the greatest common divisor of 2620 and 1062560.
20
What is the greatest common divisor of 1436 and 23500499?
359
What is the highest common divisor of 10527 and 17810958?
363
Calculate the highest common factor of 3138810 and 20.
10
What is the highest common factor of 14728 and 17584?
56
What is the greatest common divisor of 16682190 and 703?
703
What is the highest common divisor of 243959548 and 7044?
2348
Calculate the greatest common divisor of 7447 and 671.
11
What is the highest common divisor of 339421 and 7074?
131
What is the greatest common divisor of 2622 and 3028638?
114
What is the greatest common divisor of 4773908 and 4088?
292
Calculate the highest common divisor of 725 and 118623369.
29
What is the highest common factor of 266127 and 12384?
129
Calculate the greatest common divisor of 1792 and 11496256.
64
What is the highest common factor of 1317983 and 462223?
563
Calculate the greatest common divisor of 500 and 10563200.
100
Calculate the greatest common factor of 50863 and 304.
19
What is the greatest common factor of 9426285 and 517?
11
Calculate the greatest common divisor of 4725 and 14060655.
945
What is the greatest common factor of 2198768 and 58776?